-3?
-63643236
In base 16, what is 105d2a - d?
105d1d
In base 3, what is 21211221101 + 10202?
21212002010
In base 16, what is -93a - ca3?
-15dd
In base 10, what is 5 - 44332?
-44327
In base 9, what is 20 + 507273?
507303
In base 4, what is 333323032123132 - 10?
333323032123122
In base 12, what is a54 - 683?
391
In base 16, what is -5 + 60f28d?
60f288
In base 2, what is -11000111000010 - -10001?
-11000110110001
In base 9, what is -4 + -6051824?
-6051828
In base 13, what is -22 - 1019c78?
-1019c9a
In base 11, what is 20 + -6039718?
-60396a8
In base 3, what is 20201102100 + -110211?
20200221112
In base 3, what is -2200121110002 - 10?
-2200121110012
In base 8, what is -1255662 - -1?
-1255661
In base 16, what is -1915ee + -3d?
-19162b
In base 13, what is -9 - -33b91b?
33b912
In base 5, what is -210100 - 1203200?
-1413300
In base 5, what is 0 + 432344124?
432344124
In base 11, what is -2838778 + -6?
-2838783
In base 13, what is -15 + 30ccb?
30cb6
In base 13, what is 224b63 - 39?
224b27
In base 16, what is -1c + 12511b9?
125119d
In base 12, what is 7 + 27b513?
27b51a
In base 7, what is -234651 - -11460?
-223161
In base 11, what is 653 - 3885a?
-38207
In base 6, what is 12123 - -11001?
23124
In base 12, what is -46835 + -116?
-4694b
In base 14, what is -2164438 - 4?
-216443c
In base 14, what is 54 - -23312?
23366
In base 2, what is -110001101110110 - 10101001?
-110010000011111
In base 10, what is 2494323 + -4?
2494319
In base 14, what is -43 + -61881?
-618c4
In base 10, what is -19150 + -120?
-19270
In base 7, what is 35646 + 15235?
54214
In base 9, what is 6 + -6014610?
-6014603
In base 2, what is -111100 + 101110010111000?
101110001111100
In base 8, what is -102571345 + -17?
-102571364
In base 10, what is -11516139 + -5?
-11516144
In base 5, what is 2203 + -3333344?
-3331141
In base 2, what is -1110100 - -101100101101111?
101100011111011
In base 4, what is 1313331 + 3011130?
10331121
In base 14, what is -1 + b62179c?
b62179b
In base 3, what is -10220001221 + -120122?
-10220122120
In base 16, what is -3cf74 + -a9?
-3d01d
In base 7, what is 3200535400 - -1?
3200535401
In base 4, what is -10023330 + -31301?
-10121231
In base 10, what is 28540 + 152?
28692
In base 11, what is -1125 + -96012?
-97137
In base 8, what is -2 - -540663?
540661
In base 2, what is 10001 - 1000111011110100111000010?
-1000111011110100110110001
In base 6, what is 3204241551 - -15?
3204242010
In base 11, what is -119663 - 138?
-1197a0
In base 11, what is -847a + -745?
-9114
In base 3, what is -22101 - 2100220202011?
-2100221001112
In base 12, what is -18b847 + -94?
-18b91b
In base 10, what is -973278 - -382?
-972896
In base 15, what is -1 - -41e20?
41e1e
In base 12, what is 1 - -1511a54?
1511a55
In base 12, what is -52b + 6605?
6096
In base 11, what is 62 - 59a633?
-59a581
In base 11, what is -143882 - 58?
-14392a
In base 9, what is -278835 + -4113?
-284048
In base 15, what is -b91 + -9b1?
-1652
In base 11, what is -1325 + -155318?
-156642
In base 4, what is -1002202131210 - 0?
-1002202131210
In base 13, what is -714c65 + 7?
-714c5b
In base 10, what is 8 - 25141785?
-25141777
In base 15, what is 50e4 - 81?
5063
In base 10, what is 429 + -7783?
-7354
In base 8, what is -52655 - -1420?
-51235
In base 12, what is 1 + 1aa96187?
1aa96188
In base 11, what is 9 + -126a336?
-126a328
In base 4, what is -2322132223 - -12?
-2322132211
In base 8, what is -17660 + 6456?
-11202
In base 10, what is -6581 - -4469?
-2112
In base 13, what is -36 + -917?
-950
In base 6, what is -242 - -35101044?
35100402
In base 2, what is 100010000011000110 + 111101011?
100010001010110001
In base 7, what is 522013250 - -3?
522013253
In base 14, what is -2 + 1d0a2da?
1d0a2d8
In base 14, what is -949b1 - -19?
-94996
In base 12, what is -3a1 - 4ba5b4?
-4ba995
In base 13, what is 4c880a + -1?
4c8809
In base 6, what is -2 + -40201124445?
-40201124451
In base 7, what is -120215 + -21335?
-141553
In base 16, what is -79ed - 11b0?
-8b9d
In base 2, what is 110010011111001111111010 - 100?
110010011111001111110110
In base 11, what is -247710 + 4529?
-243192
In base 2, what is -100 + 10000100110000110111100?
10000100110000110111000
In base 14, what is -354ad + 382?
-3512b
In base 3, what is -11 - 12021110011112?
-12021110011200
In base 2, what is -10000101101 + 1000110010101111?
1000100010000010
In base 11, what is -2607a91 - -45?
-2607a47
In base 8, what is 11 + -37775610?
-37775577
In base 2, what is -101 - 1011011100101110001?
-1011011100101110110
In base 5, what is -4341 + 40434303?
40424412
In base 9, what is 46345 + 2483?
48838
In base 7, what is -14 - -6416606?
6416562
In base 6, what is 3 + -52211350?
-52211343
In base 13, what is 6711 - 1b25?
48b9
In base 6, what is 11413350 + 134?
11413524
In base 2, what is 101000011 - 1000011110111?
-111110110100
In base 12, what is 738a + 3810?
ab9a
In base 11, what is 0 + 1aa240?
1aa240
In base 5, what is -133141203 - -23?
-133141130
In base 13, what is 56258 - 23?
56235
In base 4, what is 212323 + -302131?
-23202
In base 8, what is 154 + -2127157?
-2127003
In base 3, what is -10120002200 - -22000?
-10112210200
In base 8, what is 13 - -316057310?
316057323
In base 12, what is 1a + 1ab833?
1ab851
In base 16, what is -1ae + c2c6?
c118
In base 4, what is -2 - 2301333030?
-2301333032
In base 11, what is 2 - 233a232?
-233a230
In base 12, what is -5 + -401119a?
-40111a3
In base 4, what is -1303 - -2223032102?
2223030133
In base 2, what is 11010110000000 + -11110000010?
10110111111110
In base 10, what is 160 + 66195?
66355
In base 3, what is 112122101021210 - -121?
112122101022101
In base 12, what is 2b81673a + 4?
2b816742
In base 10, what is 33 - 324105?
-324072
In base 13, what is 8 + -1413a61?
-1413a56
In base 11, what is -586719 - -68?
-586661
In base 6, what is 1244215 - -550?
1245205
In base 16, what is 21 - 114bb3?
-114b92
In base 9, what is 156811 - -68?
156880
In base 3, what is 120 - -222010200200?
222010201020
In base 9, what is 1544727 + -1260?
1543457
In base 9, what is 2462 + -65362?
-62800
In base 14, what is 3cab3 - 1928?
3b189
In base 12, what is 1a6 - 386b?
-3685
In base 5, what is 1 + 13422304032?
13422304033
In base 3, what is 112011110222 + 222?
112011111221
In base 7, what is -100 - 50166545?
-50166645
In base 4, what is -13001 - -2120223?
2101222
In base 15, what is 2e + 7ccd9?
7cd18
In base 3, what is 1212 - 201110220122010?
-201110220120021
In base 13, what is -3 - 1ab0225?
-1ab0228
In base 8, what is 2342465 - -104?
2342571
In base 12, what is -b853 + -12bb?
-10b52
In base 4, what is 13112 - 30020?
-10302
In base 14, what is 243ac2 - -3?
243ac5
In base 4, what is -1 + -1331133323311?
-1331133323312
In base 10, what is 495 - 927788?
-927293
In base 4, what is -32122 - 201030?
-233212
In base 11, what is 42413a1 + -5?
4241397
In base 9, what is 10535010 - 3?
10535006
In base 15, what is -2 - b5ebe3?
-b5ebe5
In base 4, what is 311 - -302030111?
302031022
In base 14, what is 3ca8a29 - 5?
3ca8a24
In base 6, what is -24022 + 2104?
-21514
In base 5, what is -10131201 + -302320?
-10434021
In base 10, what is 700 + -3924?
-3224
In base 11, what is 0 - 8166387?
-8166387
In base 11, what is 11a43 - a76?
10a78
In base 2, what is -1001100000101100001110011 - -10?
-1001100000101100001110001
In base 10, what is -13674330 - -4?
-13674326
In base 15, what is d2 - -4bd8?
4cba
In base 7, what is 40 - 444336?
-444266
In base 4, what is 13020013 + 1101?
13021120
In base 2, what is 100 - 11010110011110001011111?
-11010110011110001011011
In base 2, what is -101110000011011010 - -100?
-101110000011010110
In base 10, what is -594 + 12361?
11767
In base 7, what is 241 - -16006?
16250
In base 13, what is 29b2b4 - 45?
29b26c
In base 6, what is -211313144 + 40?
-211313104
In base 12, what is 29 - -219a913?
219a940
In base 2, what is 100 + 110000010010111111100101010?
110000010010111111100101110
In base 13, what is 234b7145 - 0?
234b7145
In base 12, what is -408368 + -34?
-4083a0
In base 15, what is 23d - 2613e?
-25e01
In base 4, what is 10231 + -2202323323?
-2202313032
In base 10, what is -429916 + -8?
-429924
In base 14, what is -192457 - -19?
-19243c
In base 10, what is 2 - 168199818?
-168199816
In base 8, what is -125562224 + 1?
-125562223
In base 10, what is 1 + -220833?
-220832
In 